088?
8
What is the units digit of 10216?
6
What is the units digit of 906?
6
What is the units digit of 90948?
8
What is the hundred thousands digit of 100060?
1
What is the tens digit of 7580?
8
What is the tens digit of 732?
3
What is the thousands digit of 40239?
0
What is the thousands digit of 2352?
2
What is the ten thousands digit of 14985?
1
What is the hundreds digit of 2935?
9
What is the hundreds digit of 1580?
5
What is the tens digit of 38561?
6
What is the tens digit of 2254?
5
What is the units digit of 86660?
0
What is the tens digit of 9438?
3
What is the hundreds digit of 6191?
1
What is the ten thousands digit of 183429?
8
What is the tens digit of 4425?
2
What is the units digit of 3438?
8
What is the ten thousands digit of 11309?
1
What is the units digit of 1256?
6
What is the thousands digit of 1015?
1
What is the units digit of 2001?
1
What is the units digit of 7775?
5
What is the units digit of 173?
3
What is the units digit of 19545?
5
What is the ten thousands digit of 12946?
1
What is the tens digit of 63613?
1
What is the tens digit of 43946?
4
What is the thousands digit of 2064?
2
What is the units digit of 1098?
8
What is the tens digit of 512?
1
What is the hundreds digit of 5895?
8
What is the thousands digit of 7891?
7
What is the hundreds digit of 16370?
3
What is the thousands digit of 4230?
4
What is the tens digit of 460?
6
What is the tens digit of 1370?
7
What is the ten thousands digit of 17461?
1
What is the units digit of 5136?
6
What is the tens digit of 220?
2
What is the thousands digit of 8357?
8
What is the hundred thousands digit of 164498?
1
What is the units digit of 4901?
1
What is the tens digit of 319?
1
What is the tens digit of 19607?
0
What is the thousands digit of 36980?
6
What is the units digit of 65758?
8
What is the hundreds digit of 9095?
0
What is the tens digit of 925?
2
What is the units digit of 15017?
7
What is the thousands digit of 4456?
4
What is the thousands digit of 12782?
2
What is the tens digit of 97863?
6
What is the tens digit of 326?
2
What is the hundreds digit of 3486?
4
What is the tens digit of 845?
4
What is the units digit of 14399?
9
What is the thousands digit of 63036?
3
What is the hundreds digit of 9134?
1
What is the thousands digit of 3162?
3
What is the units digit of 3668?
8
What is the units digit of 5064?
4
What is the tens digit of 696?
9
What is the hundreds digit of 3750?
7
What is the hundreds digit of 1641?
6
What is the tens digit of 5477?
7
What is the hundreds digit of 2477?
4
What is the hundreds digit of 103?
1
What is the units digit of 21497?
7
What is the ten thousands digit of 58219?
5
What is the ten thousands digit of 13149?
1
What is the hundreds digit of 6893?
8
What is the hundreds digit of 2295?
2
What is the units digit of 16815?
5
What is the hundreds digit of 350?
3
What is the tens digit of 641?
4
What is the hundreds digit of 6263?
2
What is the units digit of 2536?
6
What is the units digit of 3752?
2
What is the thousands digit of 25125?
5
What is the units digit of 3832?
2
What is the hundreds digit of 163?
1
What is the units digit of 16182?
2
What is the tens digit of 74307?
0
What is the tens digit of 4502?
0
What is the tens digit of 12354?
5
What is the thousands digit of 4229?
4
What is the thousands digit of 15150?
5
What is the units digit of 4406?
6
What is the units digit of 216?
6
What is the tens digit of 964?
6
What is the units digit of 787?
7
What is the hundreds digit of 18813?
8
What is the thousands digit of 134698?
4
What is the tens digit of 2596?
9
What is the units digit of 7942?
2
What is the tens digit of 686?
8
What is the hundreds digit of 184?
1
What is the hundred thousands digit of 154603?
1
What is the tens digit of 450?
5
What is the thousands digit of 2469?
2
What is the hundreds digit of 2606?
6
What is the thousands digit of 79716?
9
What is the hundreds digit of 574?
5
What is the thousands digit of 128367?
8
What is the units digit of 1537?
7
What is the units digit of 12539?
9
What is the hundreds digit of 2287?
2
What is the hundreds digit of 23615?
6
What is the hundreds digit of 7780?
7
What is the hundreds digit of 10384?
3
What is the tens digit of 121?
2
What is the thousands digit of 8658?
8
What is the units digit of 3794?
4
What is the units digit of 586?
6
What is the hundreds digit of 26696?
6
What is the units digit of 1872?
2
What is the thousands digit of 3652?
3
What is the thousands digit of 9434?
9
What is the ten thousands digit of 89677?
8
What is the units digit of 44?
4
What is the tens digit of 1171?
7
What is the units digit of 6537?
7
What is the thousands digit of 1236?
1
What is the units digit of 7334?
4
What is the hundreds digit of 3387?
3
What is the hundreds digit of 8815?
8
What is the hundreds digit of 3215?
2
What is the hundreds digit of 1499?
4
What is the thousands digit of 7468?
7
What is the tens digit of 1178?
7
What is the tens digit of 797?
9
What is the hundreds digit of 1808?
8
What is the hundreds digit of 23697?
6
What is the tens digit of 1778?
7
What is the tens digit of 16813?
1
What is the hundreds digit of 7809?
8
What is the tens digit of 10950?
5
What is the thousands digit of 71812?
1
What is the hundreds digit of 24504?
5
What is the hundreds digit of 472?
4
What is the tens digit of 109?
0
What is the thousands digit of 6742?
6
What is the tens digit of 9168?
6
What is the hundreds digit of 962?
9
What is the thousands digit of 73466?
3
What is the tens digit of 6493?
9
What is the units digit of 1083?
3
What is the hundreds digit of 15741?
7
What is the units digit of 9219?
9
What is the units digit of 18692?
2
What is the thousands digit of 25854?
5
What is the thousands digit of 32566?
2
What is the units digit of 262?
2
What is the tens digit of 1205?
0
What is the ten thousands digit of 13240?
1
What is the units digit of 3036?
6
What is the hundreds digit of 25040?
0
What is the hundreds digit of 237?
2
What is the hundreds digit of 89088?
0
What is the tens digit of 5446?
4
What is the tens digit of 12987?
8
What is the units digit of 41248?
8
What is the units digit of 1633?
3
What is the thousands digit of 18318?
8
What is the units digit of 911?
1
What is the hundreds digit of 874?
8
What is the hundreds digit of 2489?
4
What is the tens digit of 896?
9
What is the tens digit of 7401?
0
What is the tens digit of 59727?
2
What is the hundreds digit of 55142?
1
What is the tens digit of 1252?
5
What is the hundreds digit of 58731?
7
What is the ten thousands digit of 51395?
5
What is the hundreds digit of 27644?
6
What is the tens digit of 2416?
1
What is the ten thousands digit of 77712?
7
What is the tens digit of 3692?
9
What is the hundreds digit of 227?
2
What is the units digit of 603?
3
What is the units digit of 69731?
1
What is the hundreds digit of 3491?
4
What is the units digit of 59600?
0
What is the units digit of 86?
6
What is the ten thousands digit of 33579?
3
What is the units digit of 929?
9
What is the tens digit of 179597?
9
What is the hundreds digit of 1445?
4
What is the tens digit of 62387?
8
What is the units digit of 7223?
3
What is the hundreds digit of 664?
6
What is the thousands digit of 2715?
2
What is the thousands digit of 4809?
4
What is the tens digit of 3398?
9
What is the hundreds digit of 21941?
9
What is the hundreds digit of 940?
9
What is the units digit of 1749?
9
What is the units digit of 6292?
2
What is the ten thousands digit of 44529?
4
What is the units digit of 5803?
3
What is the thousands digit of 3515?
3
What is the thousands digit of 1679?
1
What is the hundreds digit of 44673?
6
What is the ten thousands digit of 74490?
7
What is the tens digit of 20259?
5
What is the units digit of 2681?
1
What is the thousands digit of 3940?
3
What is the hundreds digit of 40521?
5
What is the thousands digit of 5438?
5
What is the units digit of 15895?
5
What is the hundreds digit of 36388?
3
What is the ten thousands digit of 130349?
3
What is the thousands digit of 2125?
2
What is the units digit of 15945?
5
What is the thousands digit of 4831?
4
What is the tens digit of 1443?
4
What is the tens digit of 3996?
9
What is the tens digit of 2976?
7
What is the tens digit of